 Let h be -12*(-8)/48*s. What is y(h)?
26
Let z(n) be the first derivative of -n**6/360 + n**5/24 - n**4/24 - 14*n**3/3 + 3*n - 194. Let x(b) be the third derivative of z(b). What is x(3)?
5
Let x(a) = -7*a + 56. Let l = 3500 - 3492. Give x(l).
0
Let f be 14/(-12)*(-6)/1. Let j(y) = 75*y**2 - 2*y + 75*y**2 - 149*y**2 + f - 8*y + y. Determine j(3).
-11
Let m(w) = -w. Let x(k) = 3*k - 27. Let q be ((8/(-3))/4)/((-6)/63). Let y be x(q). Calculate m(y).
6
Let q(l) = l**3 + 6*l**2 - l - 6. Suppose -5*r - 5*c - 15 = 0, 0*c + 1 = 3*r - 2*c. Let n be -4 - (5 - (2 - r)). Give q(n).
0
Let f(w) = -w**2 - 15*w + 105. Let s be f(-20). Let t(v) = -8*v + 18*v + s - 8*v - 3*v. Determine t(-4).
9
Let y(v) be the second derivative of -v**3/2 - 9*v**2 - 3*v. Let b = 1923 + -1929. Determine y(b).
0
Let t(z) be the second derivative of -z**5/20 - z**4/2 + 2*z**3 + 17*z**2 + 21*z + 1. Calculate t(-7).
-1
Let q(d) = 17*d + 181 - 28*d - 176 + d**2. What is q(11)?
5
Let b(h) = h - 2. Let i(g) = 2*g**3 - 2*g + g + 3*g**2 - 1 - 1. Let a = -1216 + 1214. Let p be i(a). Calculate b(p).
-6
Let w(v) be the third derivative of 11*v**5/120 - v**4/24 + 12*v**3 + 2*v**2 - 31. Let n(z) be the first derivative of w(z). Calculate n(1).
10
Let b(k) = 25*k + 150. Let v(j) = -17*j - 103. Let m(s) = 5*b(s) + 7*v(s). Calculate m(7).
71
Let r be (-8 - -5)*8/6. Let o(q) = q**3 + 4*q**2 - 5*q - 10. What is o(r)?
10
Suppose 0 = -6*w + w + 10, -4*x - 5*w + 154 = 0. Suppose x = -371*y + 362*y. Let b(p) = 9*p + 4. Give b(y).
-32
Let v(i) be the second derivative of i**5/20 - 11*i**4/12 + 3*i**3 - i**2 + 11710*i. Calculate v(9).
-2
Suppose -7*p = -5*p - 5*m + 11, -27 = -p - 4*m. Let s(k) = -p + k + 8 - 3 + k. Give s(10).
18
Let c = -139 - -139. Let r(z) be the second derivative of 0 + 1/20*z**5 - 1/12*z**4 + 24*z + 1/6*z**3 + 7*z**2. What is r(c)?
14
Suppose 3*r - 65 = -4*j, 2*j + 2*r = r + 31. Let u = -22 + j. Let c(a) be the first derivative of a**3/3 + 4*a**2 + 6*a + 17. Give c(u).
6
Let n(g) = -g. Let f be 5 - (-3)/((-9)/(-3189)). Suppose h - f = -1075. Give n(h).
7
Let o(s) = 7*s**3 - 13*s**2 - 6*s - 10. Let t(b) = 10*b**3 - 19*b**2 - 9*b - 15. Let y(f) = 7*o(f) - 5*t(f). Let a be 20/5 + (2 - 1). Calculate y(a).
-5
Let r(n) = -7*n + 13. Let u(o) = 6*o - 11. Let s(z) = 3*r(z) + 4*u(z). Let i be (-204)/42 + 5 - (-36)/(-7). Determine s(i).
-20
Let k(d) = 7*d**3 + 36*d**2 + 5*d - 12. Let j be k(-5). Let s(x) = -x**3 - 13*x**2 - 8*x + 29. What is s(j)?
-19
Let b(u) be the second derivative of u**3/2 - 163*u. Suppose 4*s + 6 = 4*a + 2, 0 = 2*s - 5*a + 8. Let m be s*(-4)/8*(-1 - -5). Calculate b(m).
-6
Let i be (-1 - -13) + 7/7. Let b(j) be the third derivative of -j**5/60 + 13*j**4/24 - j**3/6 + 20*j**2. Give b(i).
-1
Let n(p) = -p**3 + p**2 - p - 2. Let a(i) = 2*i**3 + i**2 + i + 3. Let s(v) = -2*a(v) - 3*n(v). Let r = -63 - -65. Let m be ((0 - 0 - -1) + r)/(-1). Give s(m).
-21
Let o = -1162 - -1142. Let g(p) = -p**2 - 18*p + 56. What is g(o)?
16
Let i(c) = c**2 - 10*c + 1. Suppose -23*j = -24*j + 18. Let h = 49 - j. Suppose h = 6*b - 17. Calculate i(b).
-15
Let d(l) = -8 + 6*l**2 - 3*l**2 - l - 10*l - l**3 - 2*l + 9*l. Give d(4).
-40
Let t(j) = j + 6. Let y be 2/36*6*(-1 + (-2 - 9)). What is t(y)?
2
Let u(c) be the second derivative of -1/2*c**4 + 1/20*c**5 - 8*c + 0 + c**2 - 7/6*c**3. Determine u(7).
2
Let x(v) = -2 + 357*v**2 + 373*v**2 - 729*v**2 - 2 + 1. Let m = -39 - -34. Give x(m).
22
Let x(j) = j**2 - 12*j. Let w(k) = k**2 - 12*k + 9. Let i(r) = -2*w(r) + 3*x(r). Determine i(12).
-18
Let w(g) = -6*g + 1. Suppose -231*u + 15 = -226*u. Give w(u).
-17
Let i(k) = -k**3 + 15*k**2 - 34*k - 23. Let m = 47 - 35. Let l be i(m). Let p(g) = 1 - 4*g**2 - 1. Determine p(l).
-4
Suppose 2*n = h, 0*h + 2*h = -8. Let i be -4 - -6*(0 - (n + 1)). Let z(k) = 2*k + k**3 + 5 - 2 + 288*k**2 - 284*k**i. Give z(-4).
-5
Let k = -12209 + 12204. Let f(x) = x**2 + 22*x + 70. Calculate f(k).
-15
Let j(h) = -h**3 + 2*h**2 + 5*h - 13. Let r be (-16)/(-120) - (28/9)/(45/(-27)). Give j(r).
-3
Let j(o) = -o**3 + 3*o**2 + 3*o. Let x be 104/39*(-6)/4. Let p be x/3*12/(-8). Let q be 7 - (p - (-2 - -1)). Determine j(q).
-4
Let r(o) = o**3 - 4*o**2 - 8*o + 4. Suppose 0 = 8*f - 9*f + 2. Suppose 4*q - 9 - 16 = -n, f*q = 2*n. What is r(q)?
-11
Let n(l) be the first derivative of -4*l**3 + 0*l**2 - 1/4*l**4 - 14*l - 153. Determine n(-12).
-14
Let s(r) = -r**2 - 27*r - 160. Let o be s(-8). Let f(c) = c + 11. Give f(o).
3
Let h be 8/(23 + -14 + -11). Let j(v) = v**2 - 2*v - 24. Calculate j(h).
0
Let y(j) be the first derivative of j**4/4 + 2*j**3 - 13*j**2/2 - j + 3185. Calculate y(2).
5
Let b be 12/90*18*(-100)/15. Let g(m) = m**3 + 16*m**2 - 5*m + 12. Determine g(b).
92
Suppose -s - 7 = -2*w, -2*s - 3*s + 4 = 3*w. Let b(o) = 4*o - o**3 + o**2 - 5*o**3 - w + 5*o**3. Let m be 96/(-64)*74/(-39) - (-118)/767. Determine b(m).
-9
Let x = 307 - 268. Suppose x*u = 42*u + 12. Let z(f) = -f**3 - 3*f**2 + 3*f - 1. Give z(u).
3
Let d(l) = l**3 - 2*l**2 - 2*l - 1. Let y be ((-8)/6)/(58/(-261)). Let g be 1/((15/(-9))/(-5)). Suppose 4*k + 4*i = -16, -k + y + 2 = -g*i. What is d(k)?
-2
Let s(v) be the third derivative of v**5/60 - v**4/3 - v**3/3 - 3*v**2 - 75*v. Suppose 0 = 8*f - 6*f + 48. Let x = -17 - f. Give s(x).
-9
Let u(a) = -12 + 0*a - a + 17 - 3*a. Let s(t) = -6*t + 6. Let v(m) = 4*s(m) - 5*u(m). Calculate v(-3).
11
Let g(l) be the second derivative of -l**5/20 + 7*l**4/12 + 13*l**3/6 - 33*l**2/2 + 75*l. Determine g(8).
7
Let u(k) be the second derivative of -34*k + 1/20*k**5 - 1/2*k**2 - 1 + 0*k**4 - 1/6*k**3. Determine u(-1).
-1
Let g(m) = -131*m**2 - 10*m + 45. Let r(u) = -112*u**2 - 11*u + 45. Let j(n) = 6*g(n) - 7*r(n). What is j(3)?
-12
Let i = 2 - -13. Suppose -4*k = k + i. Let x(h) be the first derivative of -2*h**3/3 - h**2/2 + 2*h + 2695. What is x(k)?
-13
Let l(x) = 7*x - 80 - 5*x + 6 - 1 - 29. Determine l(57).
10
Let q be (-12)/(-8) + 30/4. Suppose -q = -w - 5. Suppose 3*r = w*s + 3 + 4, 2 = r - s. Let j(z) = -5*z**3 + z. What is j(r)?
-4
Let c be (-56)/12 + (-64)/(-96). Let j(f) be the first derivative of 1/3*f**3 + 2*f + 3*f**2 - 4. Calculate j(c).
-6
Let g(l) be the second derivative of 1/6*l**3 - 4*l**2 - 45*l + 0 + 1/12*l**4. Let k(v) = v**3 + 2*v**2 - v. Let p be k(-3). What is g(p)?
22
Suppose 0 = -5*x - 0*x + 25. Let o = -141 - -145. Let c(v) = 21*v + o + 11*v**3 - 28*v - 4*v**2 - 10*v**3. Determine c(x).
-6
Let c(l) = -4*l**2 - 40*l - 101. Let b be c(-6). Let y(i) = i**3 - i**2 - 26*i. Calculate y(b).
-20
Let c(d) = 3 + 246*d - 168*d + 249*d - 326*d. Let z be (-2)/4 + 10/(-4). Determine c(z).
0
Suppose 15 = 3*c + 2*c. Suppose 4*z - 2*x = 1743 + 887, 3*x - 675 = -z. Let h(d) = -z*d + 2 + 659*d + 0. Calculate h(c).
-1
Let p(a) = -4*a. Let v be 5/(6/(-6) + 2). Suppose -4*m + 5*d - 16 = 0, v*m + 5*d - d - 21 = 0. What is p(m)?
-4
Suppose 0 = -11*w + 21*w + w. Let c(f) = -2*f + 17. Give c(w).
17
Let v = 35 + -42. Let n(c) = 5*c**2 + 7*c + 10. Let a(o) = -4*o**2 - 7*o - 8. Let j(u) = 3*u + 51. Let f be j(-16). Let s(r) = f*n(r) + 4*a(r). Calculate s(v).
-2
Let i(p) = -p**3 - 2*p**2 + 3*p + 3. Let q(m) = 5*m**3 + 4*m**2 - 7*m - 12. Let n(y) = -6*i(y) - q(y). Determine n(-9).
12
Let a(t) be the second derivative of 7*t**3/6 - 7*t**2 - t - 320. Give a(-3).
-35
Let g(b) be the third derivative of -b**7/2520 + b**6/80 - b**5/60 - 15*b**4/8 + 9*b**2 + 1. Let r(q) be the second derivative of g(q). Give r(8).
6
Let d(x) be the first derivative of -x**4/4 - 5*x**3 - 20*x**2 - 53*x - 5866. Determine d(-12).
-5
Suppose 0 = -4*u - 0*u + 3*a + 32, -3*a - 17 = -u. Suppose 0 = 5*l + 4*g + 11, -u*l - 3*g + 5 = 12. Let h(v) = -15*v**3 - 3*v**3 + v - 2 + 1. Calculate h(l).
-18
Let a(m) = -448*m**2 + 36*m - 15. Let d(j) = -158*j**2 + 12*j - 5. Let f(r) = 6*a(r) - 17*d(r). What is f(6)?
-5
Let s(i) be the first derivative of -i**5/60 - i**4/6 - 55*i**2/2 + 45. Let f(v) be the second derivative of s(v). What is f(-4)?
0
Let o = 1 + -4. Let u(k) = 5*k - 7 - 21*k + 16*k + 8 - 4*k - 8. Calculate u(o).
5
Let b(f) = f**2 + 7*f - 4. Suppose 0 = 17*c - 3*c - 784. Suppose c = 15*g - 22*g. What is b(g)?
4
Suppose 78 - 8 = 5*s. Suppose -5*c = 2*i - 2*c - 10, -s = 2*i - 3*c. Let w(j) = -18*j**3 + 2*j**2 + 7*j + 216 - 6*j - 107 - 109. Give w(i).
19
